/((-2)/(-56)). Let z(a) = 3*a - 36. Let c be z(k). Suppose -c*d + 18 = -3*d. List the prime factors of d.
2, 3
What are the prime factors of 4/7 + ((-16)/(-72) - (-2857958)/126)?
3, 7561
Suppose 4*w = 5*s - 40263, -w = 2*w + 6. What are the prime factors of s?
83, 97
Let s(z) = z**3 + 54*z**2 - 48*z - 587. What are the prime factors of s(-46)?
3, 229
Suppose -1305591 = -108*v - 193407. List the prime factors of v.
2, 19, 271
Suppose -82275 = -11*z - 866 + 34267. What are the prime factors of z?
2, 11, 239
Let t(b) = b**2 - b + 1940. Let p be t(0). Suppose 0 = 7*a - p - 755. Suppose -175*i + 180*i - a = 0. List the prime factors of i.
7, 11
Let i(l) = 15*l - 6. Let s be i(1). Suppose s*v - 2923 - 1145 = 0. List the prime factors of v.
2, 113
Let w(u) = u + 163*u**2 + 20 - 17 - 155*u**2. What are the prime factors of w(8)?
523
Suppose 0 = -2*p - 3*l + 2, 4*l + l = 4*p - 26. Let y be (p + -2)*(-7)/7. What are the prime factors of (-171)/y + (-1)/(-2) + -1?
5, 17
Let l(x) = -4559*x**3 - 21*x**2 - 37*x + 5. List the prime factors of l(-2).
36467
Let h(f) = f**2 + 7*f + 11. Let x be h(-7). Suppose 2*k + x = 2*l - 5, 12 = -l - 4*k. Suppose 69 = -l*u + 405. List the prime factors of u.
2, 3, 7
Suppose 5*w - 4*c = -2 - 9, 5*w + c = 9. Suppose 3*d + w = -5. List the prime factors of (d + 1)*-50 - -2.
2, 13
Suppose -262*r + 286*r = 522624. What are the prime factors of r?
2, 1361
Let k(x) = -117*x - 3. Let i be k(3). Let c be i/5 + 8/10. Let t = -24 - c. List the prime factors of t.
2, 23
Let l(j) = -27*j - 141. Suppose -173 - 74 = 13*s. List the prime factors of l(s).
2, 3, 31
Let a(w) = 11*w**2 + 69*w - 3310. List the prime factors of a(58).
2, 19, 31
Let r(x) = 159*x**2 + 39*x + 363. What are the prime factors of r(-10)?
3, 11, 13, 37
Suppose -130 = -6*o + 812. Let x = 37 + o. Suppose 0 = -5*c + 5*d + 925, -c + x = -6*d + 2*d. What are the prime factors of c?
2, 7, 13
Suppose 3*c - 6*c + 5*n + 69 = 0, -3*c - 4*n = -69. What are the prime factors of c?
23
Suppose 0 = 6*s - 0*s - 15480. Suppose 6*o - s = o. List the prime factors of 6/(-3) + -1 - o/(-6).
83
What are the prime factors of -43417*24/(-132)*(-6)/(-4)?
3, 3947
Let v(d) = -d**2 + 18*d - 33. Let c be v(16). List the prime factors of 7 + 2828/(5 + c).
2, 3, 7, 17
Let a be -5*(312/(-15))/4. Suppose x = -12 + a. Let l(p) = -p + 47. What are the prime factors of l(x)?
3, 11
Let b be (-3)/((6/(-4))/((-2)/2)). What are the prime factors of (-1213)/b + 3/6?
607
Suppose 2*i + 1 = 5*t - 4*t, -5*t + 2*i + 45 = 0. Let c(j) = 147*j - 287. What are the prime factors of c(t)?
2, 5, 7, 19
Suppose 0 = 19*k + 3682 + 517. Let v = k - -416. What are the prime factors of v?
3, 5, 13
Let c(p) = 60*p**2 + 47*p - 206. What are the prime factors of c(5)?
11, 139
Suppose n = -5*u + 4*n - 12, 0 = 2*u + 3*n - 12. Suppose u = -4*g + 2881 + 1219. What are the prime factors of g?
5, 41
Let c = -428 - -440. Suppose 23*k - 429 = c*k. What are the prime factors of k?
3, 13
Suppose 79 + 0 = -b. Let g = b + 83. List the prime factors of ((-42)/6 + g)*(-1 - 50).
3, 17
Suppose 14*o + 9910 = 4*o. Let g = 1413 + o. What are the prime factors of g?
2, 211
Let z(q) = -75*q**2 - 2*q + 2. Let i be z(5). Let p = i - -3295. List the prime factors of p.
2, 353
Let s be (-22)/44 - (7/2)/(-1). Suppose -517 = -s*g + 2*d - 0*d, 2*d - 497 = -3*g. List the prime factors of g.
13
Let m be -3 - (-44 + 4/1). Suppose -247 = -3*g - m. Let p = g + -42. What are the prime factors of p?
2, 7
Suppose -2*w - 8719 = -2*q + 1955, 4*q + 4*w = 21340. Suppose 84*v + q = 92*v. List the prime factors of v.
23, 29
Let j(m) = -59*m - 416. What are the prime factors of j(-17)?
587
Let f be 4/(-1 + 28/20). Suppose 15*s - f = 10*s. Suppose 6*m - 180 = s*m. What are the prime factors of m?
3, 5
Let a be (12/(-30))/(6/(-15)) + 556. Let m = a - 155. What are the prime factors of m?
2, 3, 67
What are the prime factors of (7 + -1315)/((-24)/128) - -2?
2, 3, 1163
Let i be ((-48)/(-1))/(3/3). Suppose 4*j + i = 3*j. Let q = -18 - j. List the prime factors of q.
2, 3, 5
Let o(u) = 63*u**2 - 9*u - 220. What are the prime factors of o(11)?
2, 11, 83
Let f(u) = -u**3 - 6*u**2 - 8*u + 15. Let r be 16/360*-3 - 236/30. List the prime factors of f(r).
3, 23
Suppose -m - 19 + 20 = 0. What are the prime factors of -2 - 361*(-1 - 1) - m?
719
Let w(r) = r**3 - 38*r**2 + 22*r + 36. What are the prime factors of w(41)?
5981
Let q(p) = 6*p**2 + 112*p + 1877. List the prime factors of q(67).
3, 5, 269
Let j(z) be the third derivative of 3*z**4/4 - 7*z**3/3 - 3*z**2. Suppose 0 = 267*f - 260*f - 49. What are the prime factors of j(f)?
2, 7
List the prime factors of 1124868/102 - 6 - (2 - (-128)/(-68)).
2, 3, 11, 167
Let p(n) = -11 + 24 - 15 - 12*n + 3*n**2. What are the prime factors of p(-12)?
2, 7, 41
Suppose 0 = -3*h + 30 - 9. Suppose h*b = 5*b + 8. Suppose 4*i - t + 2*t - 85 = 0, -b*i = -2*t - 70. List the prime factors of i.
2, 5
Let b be ((-6)/(-9))/(8/(-204)). Let n(u) = 14*u**2 + 38*u - 68. Let g(i) = -5*i**2 - 13*i + 23. Let s(k) = b*g(k) - 6*n(k). What are the prime factors of s(9)?
5, 7
Suppose -12 = t + t. Let b be 9/15 + t/10. Suppose -3*k - 3*n = -345, 3*k + k - 2*n - 454 = b. What are the prime factors of k?
2, 3, 19
Suppose 2*g = 11 - 1. Let f be (2 - -1) + 8 + g. What are the prime factors of f/6*1209/26?
2, 31
Let m(j) = -j**3 + 2*j**2 + 61*j + 33. Let n be m(-14). Let u = n + -1408. List the prime factors of u.
907
Suppose h + 2*i + 6 = 0, 0 = -5*i + 2*i + 3. Let u(l) = -l**3 + 17*l**2 - 75*l. Let d be u(8). What are the prime factors of (-118)/h - (-18)/d?
2, 7
List the prime factors of 726/484 - 18703/(-2).
47, 199
Let y(s) be the first derivative of 8*s**3/3 + s**2 + s - 8. Let h = 8 - 6. What are the prime factors of y(h)?
37
List the prime factors of 23/1035*-9*(-48154 + (-3 - -2)).
9631
Let x(c) = 2*c**2 - c - 36. Let g be x(-4). Suppose 6*p - 5*p = 2*y + 1209, y + 3 = g. List the prime factors of p.
3, 401
Let n(v) = 11*v**3 - 4*v**2 + 2*v - 16. Let w = 44 - 40. What are the prime factors of n(w)?
2, 79
Suppose n - 1981 = -1977. Suppose 5*w = -t + 5497, -6*t - 4402 = -n*w - 9*t. What are the prime factors of w?
7, 157
List the prime factors of (-5)/((-46146)/46116 + 1).
2, 3, 7, 61
Suppose -3 = -a + 2. Suppose 0 = -a*p + 50 - 100. What are the prime factors of ((-24)/10)/(1/p - 0)?
2, 3
Let k = 480 - 149. Let z = k + -220. List the prime factors of z.
3, 37
Let b = -43978 - -66067. What are the prime factors of b?
3, 37, 199
Let v be -5*((-3904)/(-20))/4. Let z = 346 + v. Suppose 34 = -3*k + 4*k + 4*g, 3*g = -5*k + z. What are the prime factors of k?
2, 3
Suppose 0 = 2*c, 7*c + 8 = 2*q + 3*c. Let p be -3 + ((-4)/16 - (-233)/q). List the prime factors of (-19)/(((-20)/p)/4).
11, 19
Suppose -13*f + 9831 + 167794 = -14385. List the prime factors of f.
2, 5, 7, 211
Let a(l) = 1 + 7*l**2 - 82*l + 82*l - 2*l**2. Let j be a(1). Let t = j + 49. List the prime factors of t.
5, 11
Suppose -42*w = -39*w - 15. Suppose 4*k - 1479 = w*q + 1465, 1472 = 2*k - 4*q. List the prime factors of k.
2, 23
Let h be -1*(-5)/35 + 204/42. Suppose -2*r = 4*i - 1114, -h*r + 3*i + 1758 = -988. List the prime factors of r.
19, 29
What are the prime factors of 1/(4*(-1)/32) - -9240?
2, 577
What are the prime factors of 35/14*(-4)/(-25) - 889148/(-130)?
2, 3, 5, 19
Let r(y) = -68*y - 3. Let g be r(4). Let l = 21 + g. Let u = l + 430. What are the prime factors of u?
2, 11
Let t = -80 + 90. Suppose 87 = t*g - 273. Suppose -g + 177 = n + h, 5*n - 717 = -h. What are the prime factors of n?
2, 3
Suppose 6*w + 14 = -10. Let r(y) = 1020*y + 1530. Let o(q) = 30*q + 45. Let b(g) = w*r(g) + 135*o(g). What are the prime factors of b(-6)?
3, 5
Suppose -2*g + 272 = 5*h - 789, 0 = h - 4*g - 221. Suppose 4*a - h = 1663. What are the prime factors of a?
7, 67
Let b be 5/(-20)*-2*38 - -1. List the prime factors of (56/b + -2)/(2/1610).
2, 7, 23
Let i be 1/(-6) + (539/(-42))/(-11). Let b(o) = o + 4. Let a be b(-1). What are the prime factors of 86 + i - (1 + (1 - a))?
2, 11
Let l(r) = 16*r**2 + r - 1. Let p be l(4). Suppose -241 = -5*y + p. Let b = -18 + y. What are the prime factors of b?
2, 41
Let x be 1/((-4)/1016) + 20 + -14. Let p = x - -1503. What are the prime factors of p?
5, 251
Suppose 11*v = 4*v + 2